 3134 and 380314034.
3134
What is the greatest common divisor of 189 and 210014154?
189
Calculate the greatest common divisor of 17756 and 8731320.
772
What is the highest common divisor of 5502 and 516926?
262
What is the greatest common divisor of 1488 and 53289372?
372
What is the highest common factor of 100 and 114919550?
50
Calculate the highest common divisor of 11043 and 31471732.
409
Calculate the highest common factor of 28708 and 352.
4
What is the greatest common factor of 131520 and 138240?
960
Calculate the greatest common divisor of 330 and 9802210.
110
What is the greatest common factor of 137425 and 7613?
23
What is the greatest common divisor of 7518 and 15271410?
42
Calculate the highest common divisor of 955703 and 1595741.
2177
What is the highest common divisor of 1499496 and 183954?
258
What is the highest common divisor of 154596 and 8504?
4
Calculate the highest common divisor of 527 and 240431.
17
What is the greatest common divisor of 3594624 and 44022?
1518
Calculate the greatest common divisor of 14738292 and 450.
18
What is the greatest common factor of 32886917 and 238379?
1877
What is the highest common divisor of 2040 and 428550960?
2040
Calculate the greatest common factor of 2139 and 1239783.
93
Calculate the highest common divisor of 4940 and 24326042.
494
What is the greatest common factor of 19820 and 5360?
20
What is the highest common divisor of 166522 and 3753?
139
What is the greatest common divisor of 62 and 2305036?
62
What is the greatest common divisor of 668 and 904971664?
668
What is the highest common divisor of 15 and 153860935?
5
What is the greatest common divisor of 16520942 and 27990?
622
Calculate the highest common divisor of 1397550 and 141086.
2662
Calculate the greatest common factor of 3934198 and 486512.
4678
What is the greatest common factor of 149220 and 215?
5
What is the highest common factor of 692 and 34451220?
692
What is the greatest common factor of 9482869 and 55?
11
What is the greatest common divisor of 165046 and 2478?
14
Calculate the highest common divisor of 7921 and 2426051.
89
What is the highest common factor of 479364 and 220?
4
Calculate the greatest common factor of 5324690 and 67940.
430
What is the highest common divisor of 2002239 and 18214?
1301
Calculate the highest common factor of 753179 and 177821.
931
Calculate the highest common divisor of 3829890 and 960.
30
Calculate the greatest common divisor of 4022368 and 448.
224
Calculate the highest common divisor of 47 and 842998157.
47
Calculate the greatest common factor of 271344 and 6096.
48
What is the greatest common factor of 275 and 13262560?
5
What is the highest common factor of 17253 and 9905139?
1917
Calculate the highest common divisor of 17265464 and 23.
1
Calculate the highest common factor of 8818533 and 3925.
157
Calculate the highest common factor of 44125431 and 6279.
483
What is the highest common factor of 360 and 63253935?
45
Calculate the highest common divisor of 125425 and 48959.
173
What is the highest common divisor of 134084 and 208?
4
Calculate the highest common factor of 5648 and 32884068.
1412
Calculate the highest common factor of 624066 and 52170.
282
Calculate the highest common divisor of 16224 and 8092032.
1248
What is the highest common factor of 8329234 and 46766?
698
What is the highest common divisor of 749307 and 702?
39
What is the highest common divisor of 23523497 and 18697?
2671
What is the highest common factor of 190 and 26634675?
95
What is the highest common divisor of 1200 and 1863640?
40
Calculate the greatest common divisor of 769121 and 9488.
593
What is the greatest common divisor of 46207 and 22057?
161
What is the highest common factor of 2495550 and 7074?
786
Calculate the highest common factor of 11476 and 2309070.
38
Calculate the highest common divisor of 68672 and 1126872.
296
Calculate the highest common factor of 110219166 and 180.
18
What is the highest common divisor of 76591 and 1049417?
401
What is the greatest common divisor of 5306 and 92834?
14
Calculate the greatest common divisor of 1082784132 and 222.
222
What is the greatest common factor of 58430965 and 20?
5
What is the highest common factor of 2100 and 4886700?
2100
Calculate the highest common factor of 36538092 and 1332.
1332
Calculate the highest common factor of 2796108 and 9870.
42
Calculate the greatest common factor of 19712731 and 489.
163
Calculate the highest common divisor of 1532 and 6535895.
383
What is the highest common factor of 1822746 and 6746178?
6726
What is the greatest common divisor of 438502310 and 80?
10
What is the highest common divisor of 70545654 and 92622?
2154
Calculate the highest common divisor of 115298826 and 402.
402
What is the greatest common factor of 574484340 and 2942?
2942
Calculate the highest common factor of 24064 and 3648704.
3008
Calculate the greatest common factor of 602 and 2597329.
301
What is the greatest common factor of 250 and 67555750?
250
What is the greatest common factor of 9520 and 15185?
5
Calculate the greatest common factor of 1984800 and 31.
1
What is the highest common divisor of 12571 and 494221?
13
What is the highest common factor of 11475952 and 496?
496
Calculate the greatest common factor of 107456900 and 200.
100
Calculate the highest common factor of 2890 and 7928426.
578
Calculate the highest common factor of 873 and 9570408.
291
What is the highest common factor of 9661018 and 174500?
698
Calculate the greatest common divisor of 25668 and 9813456.
828
What is the highest common factor of 282 and 121490?
2
Calculate the highest common factor of 3110 and 2107336.
622
What is the highest common factor of 1053 and 269217?
351
Calculate the greatest common factor of 1840 and 11651800.
920
What is the greatest common factor of 1928 and 754432?
8
What is the highest common factor of 99477 and 10206?
63
What is the greatest common factor of 13270 and 80970?
10
What is the highest common divisor of 259442 and 12994?
146
What is the highest common divisor of 350 and 480914?
14
Calculate the greatest common factor of 90575772 and 39858.
3066
What is the highest common divisor of 5348 and 244636?
28
What is the greatest common divisor of 303899 and 15747?
181
Calculate the highest common divisor of 514724 and 203.
7
Calculate the highest common factor of 108 and 1771212.
12
What is the highest common factor of 735 and 23250745?
245
Calculate the highest common divisor of 136448 and 28192.
32
What is the highest common divisor of 676508 and 10448?
2612
Calculate the highest common factor of 8126 and 10592002.
478
Calculate the greatest common divisor of 969 and 31672581.
51
Calculate the highest common factor of 292006 and 18733.
143
Calculate the greatest common divisor of 5814 and 12141.
171
What is the highest common factor of 70150 and 1080678?
46
Calculate the greatest common divisor of 48 and 77199.
3
Calculate the greatest common divisor of 1011450 and 11.
11
What is the greatest common factor of 1062461 and 3011196?
5339
Calculate the greatest common divisor of 275 and 37141225.
275
Calculate the greatest common divisor of 1751459 and 11567.
269
Calculate the highest common divisor of 1280 and 6818320.
80
What is the highest common divisor of 13536 and 6894?
18
Calculate the highest common divisor of 307629611 and 43.
43
Calculate the highest common divisor of 878538 and 150.
6
Calculate the greatest common factor of 581670 and 446085.
1035
What is the highest common divisor of 149 and 1082087915?
149
Calculate the highest common factor of 106078859 and 92261.
7097
What is the highest common divisor of 532530 and 485970?
2910
Calculate the highest common factor of 9072 and 12474567.
567
Calculate the greatest common divisor of 1688706 and 5094.
18
What is the highest common factor of 3960 and 17743572?
396
Calculate the highest common divisor of 2108373 and 513.
57
What is the greatest common factor of 109674775 and 400?
25
Calculate the highest common divisor of 216 and 2097549.
27
What is the highest common divisor of 145167 and 4503829?
913
What is the greatest common factor of 15764 and 4308262?
14
What is the highest common factor of 520 and 82709068?
52
Calculate the greatest common divisor of 5434 and